*b**3 + 4*b**2 + 10*b. What are the prime factors of r(-36)?
2, 3, 193
Let l(u) = 32*u**2 + u + 1. Let g be 6/(-30) + 31/5. Let w be (-1)/(-2)*(-8 + g). List the prime factors of l(w).
2
Suppose 209*b = 3*w + 208*b - 54992, 0 = -w + 5*b + 18354. List the prime factors of w.
18329
Suppose -136298 = -4375*k + 4352*k. What are the prime factors of k?
2, 2963
Suppose a - 6 = -2*a. Let n(j) = 2 + 1 - 26*j + 98*j. List the prime factors of n(a).
3, 7
Let l(x) = -499*x**2 - 2*x - 3. Let i be l(-1). List the prime factors of (-3)/(15/i*(-10)/(-75)).
2, 3, 5
Let k(a) = a**2 - 3*a - 16. Let i be k(6). Suppose -37*s + 36*s + i = 0. Suppose s*b - 12*b = -60. What are the prime factors of b?
2, 3
Let l = 539 + -322. Let n = 791 - l. List the prime factors of n.
2, 7, 41
Let o(f) = -5*f**2 + 6*f + 1. Let y = -56 - -63. Let s be o(y). Let l = s - -288. List the prime factors of l.
2, 43
Let z = 384 - 640. Let n = z + 355. List the prime factors of n.
3, 11
Let i be 10*(-1)/10*-4. Suppose -i*l + 10 = -6, 2*p = 3*l + 606. What are the prime factors of p?
3, 103
Suppose -5 = 5*h - 10*h, -2*h + 7505 = 3*d. Suppose 14*x - d = 1209. List the prime factors of x.
5, 53
Let a be (-32 + 1)*(5 + -24)/(-1). Let x = -163 - a. What are the prime factors of x?
2, 3, 71
Let p = -543 + 543. Suppose p = -4*v - g + 1848, 5*g + 483 = 5*v - 4*v. What are the prime factors of v?
463
Suppose 0 = 9*g - 69242 + 2534. List the prime factors of g.
2, 17, 109
Let v(a) = -a - 2. Let c(o) = -o - 468. Let k(q) = -c(q) + 6*v(q). List the prime factors of k(0).
2, 3, 19
Let i = 14 - 20. Let k be 316/i*69/46. Let y = 98 + k. List the prime factors of y.
19
Let k(g) = -100*g**2 - 8 - 29*g + 47*g**2 - 27*g + 50*g**2. List the prime factors of k(-14).
2, 47
Let a(u) = -2*u - 3. Suppose 0 = d - 4, -4*d + 0*d = -3*m - 25. Let c be a(m). Suppose 15*g + 6 = 17*g, -c*s + 147 = -g. What are the prime factors of s?
2, 5
Let r = 109 - 117. Let g be 4*(-6)/r + -1. Suppose 0 = g*s - h - 227, -2*s - 5*h + 126 = -71. What are the prime factors of s?
3, 37
Suppose -27*r = 49*r + 78*r - 4777542. List the prime factors of r.
3, 383
Let x = 2 - 2. Let y(c) be the second derivative of c**4/12 - c**3/3 + 34*c**2 + 7*c. List the prime factors of y(x).
2, 17
Let v(f) = 1254*f + 5901. What are the prime factors of v(4)?
3, 1213
Suppose 20 = -5*p, p + 4 = k - 3*p. Let d(l) = -l + 15. Let a be d(k). What are the prime factors of (-1176)/(-54) + 6/a?
2, 11
Suppose 5*r + 88 = -b, 2*r - 5*b + 24 + 22 = 0. List the prime factors of (-1672)/(-3) - ((-6)/r)/1.
557
What are the prime factors of (-1490)/(-596)*(-164236)/(-10)?
19, 2161
Suppose 4*l - 13214 = -3*y, 4*l - 4*y - 15890 = -2690. List the prime factors of l.
2, 13, 127
Suppose -5*w + 11 - 10 = -4*s, w = -s + 11. Suppose -2*g + s*g - p = 4385, -2188 = -2*g - 4*p. List the prime factors of g.
2, 137
Let i = 68484 - 36261. List the prime factors of i.
3, 23, 467
Let x(z) = -27*z**3 - z**2 + 4*z + 6. Let b be x(-4). Let r be b + 3/(12/8). What are the prime factors of (-2)/(-5) + r/15?
2, 3, 19
Let k(l) = 8*l**2 + 4*l + 4. Let w be k(5). Suppose -37*n + 33*n = -w. Suppose 4*a - n = 216. List the prime factors of a.
2, 17
Let t = 2380 + 5724. List the prime factors of t.
2, 1013
Let j(v) = -v**2 - 11*v - 28. Let f be j(-4). Suppose 18*i - 113 - 1273 = f. What are the prime factors of i?
7, 11
Let m(d) = 12*d + 2086. Let g be m(0). Suppose -3*l = j - g, 0 = -3*l - 10*j + 8*j + 2084. List the prime factors of l.
2, 3, 29
Let p(d) = d - 2. Let b be p(6). Let q = 8 - b. Suppose 0 = w - q - 3. What are the prime factors of w?
7
Let n(b) be the third derivative of -b**6/120 + 7*b**5/60 + b**4/24 - 5*b**2. Let h be n(7). Suppose -h*m + 648 + 360 = 0. List the prime factors of m.
2, 3
Let c = -3171 + 1799. Let j = c - -1925. What are the prime factors of j?
7, 79
Let t be 4*1294/(-24)*-3. Suppose 4*d - 2297 + t = -2*y, -3*y = -3*d + 1215. What are the prime factors of d?
2, 5, 41
Let i(z) = 154*z**2 + z - 1. Let n be i(1). Suppose -5*d + 2494 = n. Suppose -27 = -5*b + d. What are the prime factors of b?
3, 11
Let y(h) = -35*h**3 - 8*h**2 - 11*h. Let v be y(-2). Let r = 95 - 140. Let o = r + v. What are the prime factors of o?
3, 5
Let z(u) = 594*u + 61. What are the prime factors of z(9)?
5407
Let n be 231 - ((-2 - -1) + 0/(-3)). Suppose n = 12*p - 140. Suppose p = z - 4*g, -g = -5*z + 3*g + 139. List the prime factors of z.
3
Suppose -3*a - 111868 = -5*a + 4*w, 0 = -a + 5*w + 55931. What are the prime factors of a?
2, 19, 23
Suppose 4*x - 2*t - 6686 = 0, -3527 = -3*x + 5*t + 1505. List the prime factors of x.
1669
Let t(k) = 4530*k**2 - 652*k + 1307. What are the prime factors of t(2)?
3, 7, 863
Let n = 7 - 5. Suppose -n*u + 3*u - 3 = 0. Suppose -6*i = -u*i - 78. What are the prime factors of i?
2, 13
Suppose 0 = 9*c + 150388 - 861748. List the prime factors of c.
2, 5, 13, 19
Let b = 182 - 182. Suppose 0 = 2*g - 7*g + 15. Suppose b = m - c - 102, 1 + g = -c. What are the prime factors of m?
2, 7
Let z be -2 - 5/(-4) - 6867/(-84). Let x = -27 + 174. Let r = x - z. List the prime factors of r.
2, 3, 11
Suppose -3*a - 109 = -t, -2*t + 68 = -2*a + t. Let s = 39 + a. Suppose -o + 1 = 0, s*v - 6*v + 65 = 5*o. What are the prime factors of v?
3, 5
Let s be (-8 + 13254/(-6))*(-1)/3. Let y = -463 + s. What are the prime factors of y?
2, 3, 23
Suppose 121910 = 16*u + 29414. What are the prime factors of u?
3, 41, 47
Suppose 155*d - 86502 = 226*d - 1541079. What are the prime factors of d?
3, 6829
Let x = 707 + -1278. Let i = 1770 + x. List the prime factors of i.
11, 109
List the prime factors of (-3)/2*(-153 + -2727).
2, 3, 5
Let l(w) = -w + 9. Let g be l(7). Let b be g/(-3)*(4 - -65). What are the prime factors of 20/4*b/(-5)?
2, 23
Suppose 5*l + 0*t = 4*t + 10911, 0 = -2*l + 3*t + 4370. List the prime factors of l.
2179
Suppose 0 = 26*s - 41472 - 118105 - 26297. List the prime factors of s.
3, 2383
Suppose -3834*t = -3829*t + 35, -2*p + 3*t + 28905 = 0. List the prime factors of p.
2, 3, 29, 83
Suppose -t = b - 1, 4*b - 6 = t - 2. Suppose 326 = -x - 4*d, 4*x + 2*d = -t*d - 1304. Let c = x - -596. What are the prime factors of c?
2, 3, 5
Suppose 0 = y - q + 82, y + 0*q - 2*q + 79 = 0. Let u = 127 + y. Suppose 0 = 8*c + 10 - u. List the prime factors of c.
2
Suppose 0 = 4*o - 0*p - 5*p + 2341, -3*p + 15 = 0. Suppose 2*s - 7*s - 310 = 2*l, -4*s - 220 = -4*l. List the prime factors of -3*8/s - o/15.
3, 13
Let y be 6/(-45) - (-192)/90. Suppose 1282 = -4*z - i, -z - i + 318 = -y*z. List the prime factors of (z/15)/(2/(-6)).
2
Let q(z) = 89*z + 3. Let i be q(1). Let n = i - 79. List the prime factors of n.
13
Suppose 4*o = -d + 3240, 4*d - o = 9*d - 16143. Suppose -67*w = -73*w + d. Suppose -m - w = -3*r, -r - 4*m + 13 = -188. What are the prime factors of r?
181
Suppose 2*l + 20 + 34 = 0. Let y be (1/1)/((-9)/l). Suppose y*q - 4*p - 82 = 0, 2*q - p + 6*p = 47. What are the prime factors of q?
2, 13
Let r(y) = 28*y - 220. Suppose 2*l - 3*k = 39, 4*l - k - 113 = -20. List the prime factors of r(l).
2, 113
Let p(v) = -v**3 + 76*v**2 + 80*v - 1965. List the prime factors of p(73).
2, 9931
Suppose -3*s - 2*s + 860 = -3*v, 2*v - 172 = -s. Suppose 58*u = 60*u - 8. Suppose s = u*p + z, -2*p + 84 = -0*p + z. List the prime factors of p.
2, 11
Let c(i) = -2*i**2 - 19*i + 16275. List the prime factors of c(0).
3, 5, 7, 31
Suppose -77*x = -74*x - 3. Suppose -10*u - x = -21. Suppose 93 = u*t - 2*j - 11, 3*t - 180 = -5*j. List the prime factors of t.
5, 11
Let j = 3814 - 126. List the prime factors of j.
2, 461
Let q(h) = 1521*h**3 + 12*h**2 - 48*h - 2. What are the prime factors of q(3)?
89, 461
Suppose 0 = 3*k + 2*o - 65382, -4*k - o + 1405 + 85781 = 0. List the prime factors of k.
2, 3, 7, 173
Suppose -2*n - 3628 = -2*m, m - 1830 = 3*n + 2*n. What are the prime factors of m?
2, 5, 181
Let z(j) = 135*j - 51. Let p(u) = -45*u + 16. Let b(w) = -17*p(w) - 6*z(w). List the prime factors of b(-7).
349
What are the prime factors of -11*2*(-216276)/536?
3, 11, 269
Let i = -11 + 5. Let n be (2/i)/((-16)/4272). Suppose -n = -2*v + 33. List the prime factors of v.
61
Suppose 3*s - 2*s = 280. Let n(o) = o**3 - 12*o**2 + 2*o + 50. Let z be n(10). Let l = s + z. What are the prime factors of l?
2, 3, 5
Suppo